624 is divided by 1193?
45
Calculate the remainder when 429 is divided by 211.
7
Calculate the remainder when 1504 is divided by 168.
160
Calculate the remainder when 40 is divided by 21.
19
What is the remainder when 44 is divided by 13?
5
What is the remainder when 185 is divided by 54?
23
Calculate the remainder when 119 is divided by 23.
4
Calculate the remainder when 448 is divided by 41.
38
What is the remainder when 1298 is divided by 130?
128
Calculate the remainder when 451 is divided by 72.
19
Calculate the remainder when 330 is divided by 20.
10
Calculate the remainder when 184 is divided by 6.
4
Calculate the remainder when 4006 is divided by 191.
186
What is the remainder when 456 is divided by 46?
42
Calculate the remainder when 758 is divided by 756.
2
Calculate the remainder when 281 is divided by 47.
46
Calculate the remainder when 161 is divided by 15.
11
Calculate the remainder when 48 is divided by 5.
3
What is the remainder when 100 is divided by 5?
0
What is the remainder when 1296 is divided by 163?
155
What is the remainder when 252 is divided by 31?
4
Calculate the remainder when 17396 is divided by 25.
21
Calculate the remainder when 38 is divided by 29.
9
Calculate the remainder when 138 is divided by 35.
33
Calculate the remainder when 807 is divided by 45.
42
Calculate the remainder when 1092 is divided by 35.
7
Calculate the remainder when 250 is divided by 21.
19
Calculate the remainder when 442 is divided by 111.
109
Calculate the remainder when 11127 is divided by 31.
29
Calculate the remainder when 1546 is divided by 91.
90
Calculate the remainder when 39 is divided by 28.
11
What is the remainder when 2728 is divided by 906?
10
What is the remainder when 320 is divided by 25?
20
Calculate the remainder when 156 is divided by 35.
16
What is the remainder when 1919 is divided by 57?
38
Calculate the remainder when 330 is divided by 137.
56
Calculate the remainder when 369 is divided by 62.
59
Calculate the remainder when 262 is divided by 22.
20
What is the remainder when 5078 is divided by 124?
118
What is the remainder when 140 is divided by 31?
16
Calculate the remainder when 372 is divided by 151.
70
Calculate the remainder when 178 is divided by 80.
18
Calculate the remainder when 180 is divided by 34.
10
Calculate the remainder when 32 is divided by 9.
5
Calculate the remainder when 485 is divided by 67.
16
Calculate the remainder when 184 is divided by 31.
29
What is the remainder when 437 is divided by 150?
137
What is the remainder when 37647 is divided by 10?
7
Calculate the remainder when 309 is divided by 63.
57
Calculate the remainder when 1092 is divided by 15.
12
Calculate the remainder when 312 is divided by 89.
45
Calculate the remainder when 227 is divided by 115.
112
What is the remainder when 146 is divided by 134?
12
What is the remainder when 239 is divided by 8?
7
What is the remainder when 45 is divided by 19?
7
Calculate the remainder when 974 is divided by 38.
24
What is the remainder when 146 is divided by 31?
22
Calculate the remainder when 10111 is divided by 289.
285
What is the remainder when 92 is divided by 47?
45
What is the remainder when 5611 is divided by 46?
45
Calculate the remainder when 154 is divided by 59.
36
Calculate the remainder when 1337 is divided by 192.
185
What is the remainder when 317 is divided by 6?
5
What is the remainder when 1126 is divided by 24?
22
What is the remainder when 10415 is divided by 18?
11
What is the remainder when 164 is divided by 45?
29
Calculate the remainder when 166 is divided by 34.
30
What is the remainder when 7 is divided by 3?
1
Calculate the remainder when 58 is divided by 20.
18
Calculate the remainder when 13377 is divided by 20.
17
What is the remainder when 151 is divided by 4?
3
What is the remainder when 558 is divided by 112?
110
Calculate the remainder when 830 is divided by 415.
0
What is the remainder when 765 is divided by 146?
35
Calculate the remainder when 11797 is divided by 207.
205
What is the remainder when 2078 is divided by 52?
50
What is the remainder when 1041 is divided by 61?
4
Calculate the remainder when 109 is divided by 36.
1
What is the remainder when 497 is divided by 177?
143
What is the remainder when 88 is divided by 15?
13
What is the remainder when 3610 is divided by 12?
10
Calculate the remainder when 657 is divided by 293.
71
What is the remainder when 164 is divided by 16?
4
What is the remainder when 66 is divided by 17?
15
What is the remainder when 75 is divided by 70?
5
Calculate the remainder when 398 is divided by 131.
5
What is the remainder when 238 is divided by 60?
58
What is the remainder when 212 is divided by 77?
58
Calculate the remainder when 204 is divided by 16.
12
What is the remainder when 4643 is divided by 1157?
15
Calculate the remainder when 87 is divided by 11.
10
What is the remainder when 144 is divided by 97?
47
What is the remainder when 993 is divided by 53?
39
What is the remainder when 1780 is divided by 64?
52
Calculate the remainder when 27 is divided by 9.
0
Calculate the remainder when 292 is divided by 30.
22
What is the remainder when 3137 is divided by 284?
13
What is the remainder when 192 is divided by 15?
12
Calculate the remainder when 23371 is divided by 187.
183
What is the remainder when 317 is divided by 43?
16
What is the remainder when 178 is divided by 92?
86
What is the remainder when 170 is divided by 143?
27
Calculate the remainder when 5862 is divided by 51.
48
Calculate the remainder when 121 is divided by 31.
28
Calculate the remainder when 1130 is divided by 36.
14
What is the remainder when 1417 is divided by 240?
217
Calculate the remainder when 383 is divided by 97.
92
Calculate the remainder when 15 is divided by 6.
3
Calculate the remainder when 202 is divided by 20.
2
What is the remainder when 475 is divided by 21?
13
What is the remainder when 75 is divided by 4?
3
What is the remainder when 117 is divided by 113?
4
What is the remainder when 633 is divided by 309?
15
What is the remainder when 86 is divided by 11?
9
What is the remainder when 187 is divided by 84?
19
What is the remainder when 206 is divided by 5?
1
What is the remainder when 138 is divided by 48?
42
What is the remainder when 129 is divided by 66?
63
Calculate the remainder when 2448 is divided by 35.
33
Calculate the remainder when 34 is divided by 30.
4
What is the remainder when 1931 is divided by 46?
45
What is the remainder when 782 is divided by 109?
19
What is the remainder when 2901 is divided by 8?
5
What is the remainder when 4553 is divided by 6?
5
Calculate the remainder when 18 is divided by 8.
2
Calculate the remainder when 3189 is divided by 58.
57
What is the remainder when 640 is divided by 188?
76
What is the remainder when 2184 is divided by 310?
14
What is the remainder when 266 is divided by 50?
16
What is the remainder when 15004 is divided by 2500?
4
Calculate the remainder when 4964 is divided by 72.
68
What is the remainder when 1445 is divided by 208?
197
Calculate the remainder when 147 is divided by 30.
27
Calculate the remainder when 16 is divided by 2.
0
Calculate the remainder when 659 is divided by 145.
79
What is the remainder when 293 is divided by 33?
29
Calculate the remainder when 93 is divided by 54.
39
Calculate the remainder when 111 is divided by 56.
55
What is the remainder when 671 is divided by 188?
107
Calculate the remainder when 238 is divided by 57.
10
Calculate the remainder when 468 is divided by 94.
92
What is the remainder when 362 is divided by 6?
2
Calculate the remainder when 635 is divided by 15.
5
What is the remainder when 3297 is divided by 97?
96
Calculate the remainder when 103 is divided by 49.
5
What is the remainder when 159 is divided by 18?
15
Calculate the remainder when 35878 is divided by 104.
102
Calculate the remainder when 360 is divided by 84.
24
What is the remainder when 14 is divided by 11?
3
What is the remainder when 188 is divided by 62?
2
What is the remainder when 258 is divided by 29?
26
Calculate the remainder when 760 is divided by 8.
0
What is the remainder when 153 is divided by 78?
75
Calculate the remainder when 587 is divided by 153.
128
What is the remainder when 2